{"id":157,"date":"2016-03-16T19:25:33","date_gmt":"2016-03-16T22:25:33","guid":{"rendered":"https:\/\/cfp655esquel.edu.ar\/cfp655\/?page_id=157"},"modified":"2023-09-05T14:25:01","modified_gmt":"2023-09-05T17:25:01","slug":"educacion-en-contexto-de-encierro","status":"publish","type":"page","link":"https:\/\/cfp655esquel.edu.ar\/cfp655\/educacion-en-contexto-de-encierro\/","title":{"rendered":"Educaci\u00f3n en Contexto de Encierro"},"content":{"rendered":"\t\t<div data-elementor-type=\"wp-post\" data-elementor-id=\"157\" class=\"elementor elementor-157\" data-elementor-post-type=\"page\">\n\t\t\t\t\t\t<section class=\"elementor-section elementor-top-section elementor-element elementor-element-aa8f104 elementor-section-boxed elementor-section-height-default elementor-section-height-default\" data-id=\"aa8f104\" data-element_type=\"section\" data-e-type=\"section\">\n\t\t\t\t\t\t<div class=\"elementor-container elementor-column-gap-default\">\n\t\t\t\t\t<div class=\"elementor-column elementor-col-100 elementor-top-column elementor-element elementor-element-31371d3\" data-id=\"31371d3\" data-element_type=\"column\" data-e-type=\"column\">\n\t\t\t<div class=\"elementor-widget-wrap elementor-element-populated\">\n\t\t\t\t\t\t<div class=\"elementor-element elementor-element-64c492e elementor-widget elementor-widget-heading\" data-id=\"64c492e\" data-element_type=\"widget\" data-e-type=\"widget\" data-widget_type=\"heading.default\">\n\t\t\t\t<div class=\"elementor-widget-container\">\n\t\t\t\t\t<h3 class=\"elementor-heading-title elementor-size-default\">E<b>ducaci\u00f3n en Contexto de<\/b> Encierro<\/h3>\t\t\t\t<\/div>\n\t\t\t\t<\/div>\n\t\t\t\t\t<\/div>\n\t\t<\/div>\n\t\t\t\t\t<\/div>\n\t\t<\/section>\n\t\t\t\t<section class=\"elementor-section elementor-top-section elementor-element elementor-element-70b60af0 elementor-section-boxed elementor-section-height-default elementor-section-height-default\" data-id=\"70b60af0\" data-element_type=\"section\" data-e-type=\"section\">\n\t\t\t\t\t\t<div class=\"elementor-container elementor-column-gap-default\">\n\t\t\t\t\t<div class=\"elementor-column elementor-col-100 elementor-top-column elementor-element elementor-element-6ca0d9f1\" data-id=\"6ca0d9f1\" data-element_type=\"column\" data-e-type=\"column\">\n\t\t\t<div class=\"elementor-widget-wrap elementor-element-populated\">\n\t\t\t\t\t\t<div class=\"elementor-element elementor-element-7e609b80 elementor-widget elementor-widget-text-editor\" data-id=\"7e609b80\" data-element_type=\"widget\" data-e-type=\"widget\" data-widget_type=\"text-editor.default\">\n\t\t\t\t<div class=\"elementor-widget-container\">\n\t\t\t\t\t\t\t\t\t<p class=\"textohome\" style=\"text-align: justify;\"><a href=\"https:\/\/cfp655esquel.edu.ar\/cfp655\/wp-content\/uploads\/2016\/03\/Giulianelli-007.jpg\" rel=\"attachment wp-att-158\"><img fetchpriority=\"high\" decoding=\"async\" class=\"alignleft size-medium wp-image-158\" src=\"https:\/\/cfp655esquel.edu.ar\/cfp655\/wp-content\/uploads\/2016\/03\/Giulianelli-007-300x225.jpg\" alt=\"Giulianelli-007\" width=\"300\" height=\"225\" srcset=\"https:\/\/cfp655esquel.edu.ar\/cfp655\/wp-content\/uploads\/2016\/03\/Giulianelli-007-300x225.jpg 300w, https:\/\/cfp655esquel.edu.ar\/cfp655\/wp-content\/uploads\/2016\/03\/Giulianelli-007.jpg 500w\" sizes=\"(max-width: 300px) 100vw, 300px\" \/><\/a><span style=\"color: #000000;\">La educaci\u00f3n y formaci\u00f3n para las personas que se encuentran privadas de su libertad es un derecho inalienable y en este aspecto, la ley Nacional de Educaci\u00f3n N\u00ba 26.206 establece en su Cap\u00edtulo XII, art\u00edculo 55:<\/span><\/p><p class=\"textohome\" style=\"text-align: justify;\"><span style=\"color: #000000;\"><em>\u201cLa Educaci\u00f3n en Contextos de Privaci\u00f3n de Libertad es la modalidad del sistema educativo destinada a garantizar el derecho a la educaci\u00f3n de todas las personas privadas de libertad, para promover su formaci\u00f3n integral y desarrollo pleno. El ejercicio de este derecho no admite limitaci\u00f3n ni discriminaci\u00f3n alguna vinculada a la situaci\u00f3n de encierro, y ser\u00e1 puesto en conocimiento de todas las personas privadas de libertad, en forma fehaciente, desde el momento de su ingreso a la instituci\u00f3n.\u201d<\/em><\/span><\/p><p class=\"textohome\" style=\"text-align: justify;\"><span style=\"color: #000000;\">Considerando dentro de los objetivos detallados en su art\u00edculo 56, inciso b:<\/span><\/p><p class=\"textohome\" style=\"text-align: justify;\"><span style=\"color: #000000;\"><em>\u201cSon objetivos de esta modalidad:<\/em><\/span><br \/><span style=\"color: #000000;\"><em>b) Ofrecer formaci\u00f3n t\u00e9cnico profesional, en todos los niveles y modalidades, a las personas privadas de libertad.\u201d<\/em><\/span><\/p><p class=\"textohome\" style=\"text-align: justify;\"><span style=\"color: #000000;\"><a style=\"color: #000000;\" href=\"https:\/\/cfp655esquel.edu.ar\/cfp655\/wp-content\/uploads\/2016\/03\/Pintor-de-Obra-006.jpg\" rel=\"attachment wp-att-160\"><img decoding=\"async\" class=\"alignright wp-image-160 size-medium\" src=\"https:\/\/cfp655esquel.edu.ar\/cfp655\/wp-content\/uploads\/2016\/03\/Pintor-de-Obra-006-300x225.jpg\" alt=\"Pintor-de-Obra-006\" width=\"300\" height=\"225\" srcset=\"https:\/\/cfp655esquel.edu.ar\/cfp655\/wp-content\/uploads\/2016\/03\/Pintor-de-Obra-006-300x225.jpg 300w, https:\/\/cfp655esquel.edu.ar\/cfp655\/wp-content\/uploads\/2016\/03\/Pintor-de-Obra-006.jpg 500w\" sizes=\"(max-width: 300px) 100vw, 300px\" \/><\/a>En este contexto, el\u00a0<strong>Centro de Formaci\u00f3n Profesional N\u00ba 655<\/strong>, en articulaci\u00f3n con la\u00a0<strong>Unidad Penitenciaria N\u00ba 14<\/strong>\u00a0de la localidad de Esquel, desarrolla anualmente capacitaciones para los internos dentro de la propia Unidad Penitenciaria y abre las puertas a las capacitaciones Institucionales a las personas que han comenzado a gozar del r\u00e9gimen de alternancia, posibilitando que concurran a los cursos en sus horarios de libertad.<\/span><\/p><p class=\"textohome\" style=\"text-align: justify;\"><span style=\"color: #000000;\">En el a\u00f1o 2007, el\u00a0<strong>CFP N\u00ba 655<\/strong>, por intermedio del financiamiento del\u00a0<strong>INET<\/strong>, que entre sus l\u00edneas de trabajo prev\u00e9\u00a0<em>\u201cFavorecer el ejercicio del derecho a la educaci\u00f3n y la Educaci\u00f3n T\u00e9c-nico Profesional en instituciones de privaci\u00f3n de libertad.\u201d<\/em>, adquiri\u00f3 equipamiento para actualizar el taller de Panader\u00eda de la Unidad 14, adem\u00e1s de insumos para su reacondicionamiento edilicio.<\/span><\/p><p class=\"textohome\" style=\"text-align: justify;\"><span style=\"color: #000000;\"><a style=\"color: #000000;\" href=\"https:\/\/cfp655esquel.edu.ar\/cfp655\/wp-content\/uploads\/2016\/03\/Pintor-de-Obra-007.jpg\" rel=\"attachment wp-att-159\"><img decoding=\"async\" class=\"alignleft wp-image-159 size-medium\" src=\"https:\/\/cfp655esquel.edu.ar\/cfp655\/wp-content\/uploads\/2016\/03\/Pintor-de-Obra-007-300x225.jpg\" alt=\"Pintor-de-Obra-007\" width=\"300\" height=\"225\" srcset=\"https:\/\/cfp655esquel.edu.ar\/cfp655\/wp-content\/uploads\/2016\/03\/Pintor-de-Obra-007-300x225.jpg 300w, https:\/\/cfp655esquel.edu.ar\/cfp655\/wp-content\/uploads\/2016\/03\/Pintor-de-Obra-007.jpg 500w\" sizes=\"(max-width: 300px) 100vw, 300px\" \/><\/a>Con el dictado de la capacitaci\u00f3n de \u201cColocador de Pisos y Cer\u00e1micos\u201d, a cargo de los Maestros Talleristas de la\u00a0<strong>Unidad 14<\/strong>, se procedi\u00f3 al reacondicionamiento edilicio de los espacios del aula taller de Panader\u00eda, para luego proceder a la instalaci\u00f3n del equipamiento adquirido que consisti\u00f3 en: Calefactores, campanas de extracci\u00f3n, una c\u00e1mara de fermentaci\u00f3n, una trinchadora, una cortadora de tallarines y bandejas bagueteras y enlozadas.<\/span><\/p><p class=\"textohome\" style=\"text-align: justify;\"><span style=\"color: #000000;\">La modalidad de trabajo radica en elaborar la oferta formativa en conjunto con la\u00a0<strong>Unidad 14<\/strong>, estableciendo las capacitaciones que se llevar\u00e1n adelante para el ciclo lectivo. A partir de aqu\u00ed, se convoca a los Instructores, que ser\u00e1n los encargados del dictado del curso, mientras que de el <strong>CFP N\u00ba 655<\/strong>\u00a0se realiza el acompa\u00f1amiento y seguimiento T\u00e9cnico Pedag\u00f3gico del mismo.<\/span><\/p>\t\t\t\t\t\t\t\t<\/div>\n\t\t\t\t<\/div>\n\t\t\t\t\t<\/div>\n\t\t<\/div>\n\t\t\t\t\t<\/div>\n\t\t<\/section>\n\t\t\t\t<\/div>\n\t\t","protected":false},"excerpt":{"rendered":"<p>Educaci\u00f3n en Contexto de Encierro La educaci\u00f3n y formaci\u00f3n para las personas que se encuentran privadas de su libertad es un derecho inalienable y en este aspecto, la ley Nacional de Educaci\u00f3n N\u00ba 26.206 establece en su Cap\u00edtulo XII, art\u00edculo 55: \u201cLa Educaci\u00f3n en Contextos de Privaci\u00f3n de Libertad es la modalidad del sistema educativo &#8230; <a title=\"Educaci\u00f3n en Contexto de Encierro\" class=\"read-more\" href=\"https:\/\/cfp655esquel.edu.ar\/cfp655\/educacion-en-contexto-de-encierro\/\" aria-label=\"Leer m\u00e1s sobre Educaci\u00f3n en Contexto de Encierro\">Leer m\u00e1s&#8230;<\/a><\/p>\n","protected":false},"author":2,"featured_media":0,"parent":0,"menu_order":0,"comment_status":"closed","ping_status":"closed","template":"","meta":{"generate_page_header":"","footnotes":""},"class_list":{"0":"post-157","1":"page","2":"type-page","3":"status-publish","5":"infinite-scroll-item"},"_links":{"self":[{"href":"https:\/\/cfp655esquel.edu.ar\/cfp655\/wp-json\/wp\/v2\/pages\/157","targetHints":{"allow":["GET"]}}],"collection":[{"href":"https:\/\/cfp655esquel.edu.ar\/cfp655\/wp-json\/wp\/v2\/pages"}],"about":[{"href":"https:\/\/cfp655esquel.edu.ar\/cfp655\/wp-json\/wp\/v2\/types\/page"}],"author":[{"embeddable":true,"href":"https:\/\/cfp655esquel.edu.ar\/cfp655\/wp-json\/wp\/v2\/users\/2"}],"replies":[{"embeddable":true,"href":"https:\/\/cfp655esquel.edu.ar\/cfp655\/wp-json\/wp\/v2\/comments?post=157"}],"version-history":[{"count":21,"href":"https:\/\/cfp655esquel.edu.ar\/cfp655\/wp-json\/wp\/v2\/pages\/157\/revisions"}],"predecessor-version":[{"id":9478,"href":"https:\/\/cfp655esquel.edu.ar\/cfp655\/wp-json\/wp\/v2\/pages\/157\/revisions\/9478"}],"wp:attachment":[{"href":"https:\/\/cfp655esquel.edu.ar\/cfp655\/wp-json\/wp\/v2\/media?parent=157"}],"curies":[{"name":"wp","href":"https:\/\/api.w.org\/{rel}","templated":true}]}}