{"id":533,"date":"2016-04-05T11:02:24","date_gmt":"2016-04-05T14:02:24","guid":{"rendered":"https:\/\/cfp655esquel.edu.ar\/cfp655\/?page_id=533"},"modified":"2024-12-17T16:16:27","modified_gmt":"2024-12-17T19:16:27","slug":"descarga-de-formularios","status":"publish","type":"page","link":"https:\/\/cfp655esquel.edu.ar\/cfp655\/descarga-de-formularios\/","title":{"rendered":"Descarga Formularios"},"content":{"rendered":"\t\t<div data-elementor-type=\"wp-post\" data-elementor-id=\"533\" class=\"elementor elementor-533\" data-elementor-post-type=\"page\">\n\t\t\t\t\t\t<section class=\"elementor-section elementor-top-section elementor-element elementor-element-179cb5aa elementor-section-boxed elementor-section-height-default elementor-section-height-default\" data-id=\"179cb5aa\" data-element_type=\"section\" data-e-type=\"section\">\n\t\t\t\t\t\t<div class=\"elementor-container elementor-column-gap-default\">\n\t\t\t\t\t<div class=\"elementor-column elementor-col-100 elementor-top-column elementor-element elementor-element-420eaadf\" data-id=\"420eaadf\" data-element_type=\"column\" data-e-type=\"column\">\n\t\t\t<div class=\"elementor-widget-wrap elementor-element-populated\">\n\t\t\t\t\t\t<div class=\"elementor-element elementor-element-bdc3add elementor-widget elementor-widget-heading\" data-id=\"bdc3add\" data-element_type=\"widget\" data-e-type=\"widget\" data-widget_type=\"heading.default\">\n\t\t\t\t<div class=\"elementor-widget-container\">\n\t\t\t\t\t<h3 class=\"elementor-heading-title elementor-size-medium\">Descarga de Formularios<\/h3>\t\t\t\t<\/div>\n\t\t\t\t<\/div>\n\t\t\t\t<div class=\"elementor-element elementor-element-7e6b873e elementor-widget elementor-widget-text-editor\" data-id=\"7e6b873e\" data-element_type=\"widget\" data-e-type=\"widget\" data-widget_type=\"text-editor.default\">\n\t\t\t\t<div class=\"elementor-widget-container\">\n\t\t\t\t\t\t\t\t\t<p>\u00a0<\/p><ul><li><a href=\"https:\/\/cfp655esquel.edu.ar\/cfp655\/wp-content\/uploads\/2016\/04\/Solicitud-de-Licencia.pdf\" target=\"_blank\" rel=\"noopener\">Solicitud de Licencia<\/a><\/li><li><a href=\"https:\/\/cfp655esquel.edu.ar\/cfp655\/wp-content\/uploads\/2016\/04\/FP-Datos-del-Instructor-Final.pdf\" target=\"_blank\" rel=\"noopener\">Datos del Instructor<\/a><\/li><li><a href=\"https:\/\/cfp655esquel.edu.ar\/cfp655\/wp-content\/uploads\/2016\/06\/Historia-Clinica.pdf\" target=\"_blank\" rel=\"noopener\">Historia Cl\u00ednica<\/a><\/li><li><a href=\"https:\/\/cfp655esquel.edu.ar\/cfp655\/wp-content\/uploads\/2016\/06\/Historia-Clinica-Atencion-Familiar.pdf\" target=\"_blank\" rel=\"noopener\">Historia Cl\u00ednica Atenci\u00f3n a un Familiar<\/a><\/li><li><a href=\"https:\/\/cfp655esquel.edu.ar\/cfp655\/wp-content\/uploads\/2016\/04\/RECIBO-DE-AUTORIZACI\u00d3N-DE-FIRMA-DE-PLANILLA-DE-HABERES-Y-RECEPCI\u00d3N-DE-RECIBO-DE-SUELDOS.pdf\" target=\"_blank\" rel=\"noopener\">Recibo de autorizaci\u00f3n de firma de planilla de haberes y recepci\u00f3n de recibo de sueldos<\/a><\/li><li><a href=\"https:\/\/cfp655esquel.edu.ar\/cfp655\/wp-content\/uploads\/2016\/04\/RECIBO-DE-AUTORIZACI\u00d3N-DE-PERCEPCION-DE-HABERES.pdf\" target=\"_blank\" rel=\"noopener\">Recibo de autorizaci\u00f3n de percepci\u00f3n de haberes<\/a><\/li><li><a href=\"https:\/\/cfp655esquel.edu.ar\/cfp655\/wp-content\/uploads\/2016\/04\/Solicitud-de-Inscripci\u00f3n-1.pdf\" target=\"_blank\" rel=\"noopener\">Formulario de Inscripci\u00f3n<\/a><\/li><li><a href=\"https:\/\/cfp655esquel.edu.ar\/cfp655\/wp-content\/uploads\/2016\/04\/Formulario-Cobro-por-Cajero.pdf\" target=\"_blank\" rel=\"noopener\">Formulario Cobro por Cajero<\/a><\/li><li><a href=\"https:\/\/cfp655esquel.edu.ar\/cfp655\/wp-content\/uploads\/2016\/06\/Accidentes-Personales-Alumnos.pdf\" target=\"_blank\" rel=\"noopener\">Denuncia de Siniestros &#8211; Integro Colegios<\/a><\/li><li><a href=\"https:\/\/cfp655esquel.edu.ar\/cfp655\/wp-content\/uploads\/2024\/12\/04-FP-Modelo-de-Planificacion.doc\" target=\"_blank\" rel=\"noopener\">Planificaci\u00f3n para Completar<\/a><\/li><li><a href=\"https:\/\/cfp655esquel.edu.ar\/cfp655\/wp-content\/uploads\/2019\/03\/DECLARACI\u00d3N-JURADA-Familiares-Parientes-Afines.pdf\" target=\"_blank\" rel=\"noopener\">DJ de Familiares Consangu\u00edneos y Parientes Afines\u00a0Art. N\u00b023 Inciso B<\/a><\/li><li><a href=\"https:\/\/cfp655esquel.edu.ar\/cfp655\/wp-content\/uploads\/2020\/11\/Declaracion-Jurada-Domicilio.pdf\" target=\"_blank\" rel=\"noopener\">Declaraci\u00f3n Jurada de Domicilio<\/a><\/li><li><a href=\"https:\/\/cfp655esquel.edu.ar\/cfp655\/wp-content\/uploads\/2020\/11\/Ayuda-Escolar.pdf\" target=\"_blank\" rel=\"noopener\">Declaraci\u00f3n Jurada de Ayuda Escolar<\/a><\/li><\/ul><p><span style=\"color: #000000;\">Los formularios que se listan a continuaci\u00f3n son para impresi\u00f3n doble faz, no en dos p\u00e1ginas.<\/span><\/p><ul><li><a href=\"https:\/\/cfp655esquel.edu.ar\/cfp655\/wp-content\/uploads\/2017\/10\/Asignaciones-Familiares-Declaracion-Jurada.pdf\" target=\"_blank\" rel=\"noopener\">Asignaciones Familiares &#8211; Declaraci\u00f3n Jurada<\/a><\/li><li><a href=\"https:\/\/cfp655esquel.edu.ar\/cfp655\/wp-content\/uploads\/2019\/03\/DDJJ2019-2.pdf\" target=\"_blank\" rel=\"noopener\">Declaraci\u00f3n Jurada de Cargos<\/a> &#8211; <a href=\"https:\/\/cfp655esquel.edu.ar\/cfp655\/wp-content\/uploads\/2019\/02\/Instructivo-de-DDJJ.pdf\" target=\"_blank\" rel=\"noopener\">Instructivo para el Llenado<\/a><\/li><li><a href=\"https:\/\/cfp655esquel.edu.ar\/cfp655\/wp-content\/uploads\/2016\/04\/Ficha-de-Alta.pdf\" target=\"_blank\" rel=\"noopener\">Ficha de Alta<\/a><\/li><li><a href=\"https:\/\/cfp655esquel.edu.ar\/cfp655\/wp-content\/uploads\/2017\/07\/F-10.081.-SVC-.pdf\" target=\"_blank\" rel=\"noopener\">Seguro de Vida Colectivo &#8211; Solicitud Individual<\/a><\/li><\/ul><h3>\u00a0<\/h3><h3><span style=\"color: #000000;\"><b>Formularios Web<\/b><\/span><\/h3><ul><li><a href=\"https:\/\/inscripcionescfp655esquel.com.ar\/practicas-prfesionalizantes\/\" target=\"_blank\" rel=\"noopener\">Formulario de Solicitud de Pr\u00e1ctica<\/a> <span style=\"color: #000000;\">(Exclusivo Instructores del CFP 655)<\/span><\/li><li><a href=\"https:\/\/docs.google.com\/forms\/d\/e\/1FAIpQLSdXpQyouW1KBRG0Krj9t1YTfSjP7ogJ4oYujQO9KsFctID5bA\/viewform?fbzx=-1594446994437289047\" target=\"_blank\" rel=\"noopener\">Formulario Familiares a Cargo\u00a0<\/a><\/li><li><a href=\"https:\/\/2hac.page.link\/rtph\" target=\"_blank\" rel=\"noopener\">Formulario de Licencia por Enfermedad Propia o de Familiar<\/a> <span style=\"color: #000000;\">(Ingreso con correo electr\u00f3nico)<\/span><\/li><\/ul><h3>\u00a0<\/h3><h3><span style=\"color: #0000ff;\"><a style=\"color: #0000ff;\" href=\"https:\/\/cfp655esquel.edu.ar\/cfp655\/documentacion-instructores\/\" target=\"_blank\" rel=\"noopener\"><b>Documentaci\u00f3n para Instructores<\/b><\/a><\/span><\/h3>\t\t\t\t\t\t\t\t<\/div>\n\t\t\t\t<\/div>\n\t\t\t\t\t<\/div>\n\t\t<\/div>\n\t\t\t\t\t<\/div>\n\t\t<\/section>\n\t\t\t\t<\/div>\n\t\t","protected":false},"excerpt":{"rendered":"<p>Descarga de Formularios \u00a0 Solicitud de Licencia Datos del Instructor Historia Cl\u00ednica Historia Cl\u00ednica Atenci\u00f3n a un Familiar Recibo de autorizaci\u00f3n de firma de planilla de haberes y recepci\u00f3n de recibo de sueldos Recibo de autorizaci\u00f3n de percepci\u00f3n de haberes Formulario de Inscripci\u00f3n Formulario Cobro por Cajero Denuncia de Siniestros &#8211; Integro Colegios Planificaci\u00f3n para &#8230; <a title=\"Descarga Formularios\" class=\"read-more\" href=\"https:\/\/cfp655esquel.edu.ar\/cfp655\/descarga-de-formularios\/\" aria-label=\"Leer m\u00e1s sobre Descarga Formularios\">Leer m\u00e1s&#8230;<\/a><\/p>\n","protected":false},"author":2,"featured_media":0,"parent":0,"menu_order":0,"comment_status":"closed","ping_status":"closed","template":"","meta":{"generate_page_header":"","footnotes":""},"class_list":{"0":"post-533","1":"page","2":"type-page","3":"status-publish","5":"infinite-scroll-item"},"_links":{"self":[{"href":"https:\/\/cfp655esquel.edu.ar\/cfp655\/wp-json\/wp\/v2\/pages\/533","targetHints":{"allow":["GET"]}}],"collection":[{"href":"https:\/\/cfp655esquel.edu.ar\/cfp655\/wp-json\/wp\/v2\/pages"}],"about":[{"href":"https:\/\/cfp655esquel.edu.ar\/cfp655\/wp-json\/wp\/v2\/types\/page"}],"author":[{"embeddable":true,"href":"https:\/\/cfp655esquel.edu.ar\/cfp655\/wp-json\/wp\/v2\/users\/2"}],"replies":[{"embeddable":true,"href":"https:\/\/cfp655esquel.edu.ar\/cfp655\/wp-json\/wp\/v2\/comments?post=533"}],"version-history":[{"count":172,"href":"https:\/\/cfp655esquel.edu.ar\/cfp655\/wp-json\/wp\/v2\/pages\/533\/revisions"}],"predecessor-version":[{"id":11680,"href":"https:\/\/cfp655esquel.edu.ar\/cfp655\/wp-json\/wp\/v2\/pages\/533\/revisions\/11680"}],"wp:attachment":[{"href":"https:\/\/cfp655esquel.edu.ar\/cfp655\/wp-json\/wp\/v2\/media?parent=533"}],"curies":[{"name":"wp","href":"https:\/\/api.w.org\/{rel}","templated":true}]}}