{"id":618,"date":"2016-04-25T03:43:33","date_gmt":"2016-04-25T06:43:33","guid":{"rendered":"https:\/\/cfp655esquel.edu.ar\/cfp655\/?page_id=618"},"modified":"2023-09-04T16:50:48","modified_gmt":"2023-09-04T19:50:48","slug":"el-cfp-655-hoy","status":"publish","type":"page","link":"https:\/\/cfp655esquel.edu.ar\/cfp655\/el-cfp-655-hoy\/","title":{"rendered":"El CFP 655 hoy"},"content":{"rendered":"\t\t<div data-elementor-type=\"wp-post\" data-elementor-id=\"618\" class=\"elementor elementor-618\" data-elementor-post-type=\"page\">\n\t\t\t\t\t\t<section class=\"elementor-section elementor-top-section elementor-element elementor-element-e3978b1 elementor-section-boxed elementor-section-height-default elementor-section-height-default\" data-id=\"e3978b1\" data-element_type=\"section\" data-e-type=\"section\">\n\t\t\t\t\t\t<div class=\"elementor-container elementor-column-gap-default\">\n\t\t\t\t\t<div class=\"elementor-column elementor-col-100 elementor-top-column elementor-element elementor-element-1e023b79\" data-id=\"1e023b79\" data-element_type=\"column\" data-e-type=\"column\">\n\t\t\t<div class=\"elementor-widget-wrap elementor-element-populated\">\n\t\t\t\t\t\t<div class=\"elementor-element elementor-element-b7b883b elementor-widget elementor-widget-heading\" data-id=\"b7b883b\" data-element_type=\"widget\" data-e-type=\"widget\" data-widget_type=\"heading.default\">\n\t\t\t\t<div class=\"elementor-widget-container\">\n\t\t\t\t\t<h3 class=\"elementor-heading-title elementor-size-medium\">El Centro de Formaci\u00f3n Profesional N\u00ba 655 Hoy<\/h3>\t\t\t\t<\/div>\n\t\t\t\t<\/div>\n\t\t\t\t<div class=\"elementor-element elementor-element-5039da4f elementor-widget elementor-widget-text-editor\" data-id=\"5039da4f\" data-element_type=\"widget\" data-e-type=\"widget\" data-widget_type=\"text-editor.default\">\n\t\t\t\t<div class=\"elementor-widget-container\">\n\t\t\t\t\t\t\t\t\t<p class=\"textohome\" style=\"text-align: justify;\"><img fetchpriority=\"high\" decoding=\"async\" class=\"wp-image-7536 size-medium alignleft\" style=\"text-align: justify; color: var( --e-global-color-text ); font-family: var( --e-global-typography-text-font-family ), Sans-serif; font-weight: var( --e-global-typography-text-font-weight ); font-size: 14px;\" src=\"https:\/\/cfp655esquel.edu.ar\/cfp655\/wp-content\/uploads\/2022\/09\/CFP655-CarpinteroObraFina-05-300x225.jpg\" alt=\"\" width=\"300\" height=\"225\" srcset=\"https:\/\/cfp655esquel.edu.ar\/cfp655\/wp-content\/uploads\/2022\/09\/CFP655-CarpinteroObraFina-05-300x225.jpg 300w, https:\/\/cfp655esquel.edu.ar\/cfp655\/wp-content\/uploads\/2022\/09\/CFP655-CarpinteroObraFina-05.jpg 1024w\" sizes=\"(max-width: 300px) 100vw, 300px\" \/><span style=\"color: #000000;\">El Centro de Formaci\u00f3n Profesional (CFP) N\u00ba 655 es un importante \u00e1mbito de capacitaci\u00f3n, educaci\u00f3n y formaci\u00f3n profesional que posee una extensa trayectoria en la preparaci\u00f3n para el trabajo en Esquel y alrededores.<\/span><\/p><p class=\"textohome\" style=\"text-align: justify;\"><span style=\"color: #000000;\">A lo largo de tres d\u00e9cadas el Centro mantiene como objetivo principal preparar a la gente para el trabajo, en pos de una inserci\u00f3n laboral efectiva y genuina. Hacia este fin est\u00e1n dirigidas las acciones de todo el equipo que conforma el CFP N\u00ba 655, y que hacen de la Formaci\u00f3n Profesional, el esfuerzo del d\u00eda a d\u00eda.<\/span><\/p><p class=\"textohome\" style=\"text-align: justify;\"><span style=\"color: #000000;\">La oferta Formativa del CFP N\u00ba 655 esta basada en una gran cantidad y variedad de Cursos, destinados a una Formaci\u00f3n Profesional del estudiante, acorde a las exigencias del mercado laboral actual.<\/span><\/p><p class=\"textohome\" style=\"text-align: justify;\"><span style=\"color: #000000;\">Los temas de cada Curso, est\u00e1n organizados desde una \u00f3ptica profesional basada en una propuesta educativa din\u00e1mica y vers\u00e1til, a partir de un car\u00e1cter investigativo de estudio, con profesionalismo, con trayectoria y con la excelencia que aportan nuestros\/as Instructores\/as.<\/span><\/p><p class=\"textohome\" style=\"text-align: justify;\"><span style=\"color: #000000;\"><img decoding=\"async\" class=\"wp-image-7881 size-medium alignright\" src=\"https:\/\/cfp655esquel.edu.ar\/cfp655\/wp-content\/uploads\/2022\/12\/CFP655-PanaderoCIERRE-09-300x232.jpg\" alt=\"\" width=\"300\" height=\"232\" srcset=\"https:\/\/cfp655esquel.edu.ar\/cfp655\/wp-content\/uploads\/2022\/12\/CFP655-PanaderoCIERRE-09-300x232.jpg 300w, https:\/\/cfp655esquel.edu.ar\/cfp655\/wp-content\/uploads\/2022\/12\/CFP655-PanaderoCIERRE-09.jpg 1024w\" sizes=\"(max-width: 300px) 100vw, 300px\" \/>El conocimiento y la capacitaci\u00f3n se constituyen en el \u201cvalor agregado\u201d que cualquier persona puede adquirir y que nadie le puede quitar. En ese sentido, la capacitaci\u00f3n se transforma en la \u00fanica ventaja competitiva si es que se desea tener a futuro un proyecto laboral propio, por lo que es una caracter\u00edstica primordial del CFP N\u00ba 655, implementar cada curso como una salida laboral para el estudiante.<\/span><\/p><p class=\"textohome\" style=\"text-align: justify;\"><span style=\"color: #000000;\">Por todo esto, la capacitaci\u00f3n y la actualizaci\u00f3n resultan fundamentales a fin de alcanzar el grado de profesionalidad m\u00ednimo indispensable que se requiere, y que ya se refleja en una tendencia creciente del mercado laboral.<\/span><\/p><p class=\"textohome\" style=\"text-align: justify;\"><span style=\"color: #000000;\">\u00a0<\/span><\/p>\t\t\t\t\t\t\t\t<\/div>\n\t\t\t\t<\/div>\n\t\t\t\t\t<\/div>\n\t\t<\/div>\n\t\t\t\t\t<\/div>\n\t\t<\/section>\n\t\t\t\t<section class=\"elementor-section elementor-top-section elementor-element elementor-element-a039f4a elementor-section-boxed elementor-section-height-default elementor-section-height-default\" data-id=\"a039f4a\" data-element_type=\"section\" data-e-type=\"section\">\n\t\t\t\t\t\t<div class=\"elementor-container elementor-column-gap-default\">\n\t\t\t\t\t<div class=\"elementor-column elementor-col-100 elementor-top-column elementor-element elementor-element-9b8278b\" data-id=\"9b8278b\" data-element_type=\"column\" data-e-type=\"column\">\n\t\t\t<div class=\"elementor-widget-wrap elementor-element-populated\">\n\t\t\t\t\t\t<div class=\"elementor-element elementor-element-327ee23 elementor-widget-divider--view-line elementor-widget elementor-widget-divider\" data-id=\"327ee23\" data-element_type=\"widget\" data-e-type=\"widget\" data-widget_type=\"divider.default\">\n\t\t\t\t<div class=\"elementor-widget-container\">\n\t\t\t\t\t\t\t<div class=\"elementor-divider\">\n\t\t\t<span class=\"elementor-divider-separator\">\n\t\t\t\t\t\t<\/span>\n\t\t<\/div>\n\t\t\t\t\t\t<\/div>\n\t\t\t\t<\/div>\n\t\t\t\t\t<\/div>\n\t\t<\/div>\n\t\t\t\t\t<\/div>\n\t\t<\/section>\n\t\t\t\t<section class=\"elementor-section elementor-top-section elementor-element elementor-element-0143d87 elementor-section-boxed elementor-section-height-default elementor-section-height-default\" data-id=\"0143d87\" data-element_type=\"section\" data-e-type=\"section\">\n\t\t\t\t\t\t<div class=\"elementor-container elementor-column-gap-default\">\n\t\t\t\t\t<div class=\"elementor-column elementor-col-50 elementor-top-column elementor-element elementor-element-36c7cbe\" data-id=\"36c7cbe\" data-element_type=\"column\" data-e-type=\"column\">\n\t\t\t<div class=\"elementor-widget-wrap elementor-element-populated\">\n\t\t\t\t\t\t<div class=\"elementor-element elementor-element-fe86af3 elementor-widget elementor-widget-image\" data-id=\"fe86af3\" data-element_type=\"widget\" data-e-type=\"widget\" data-widget_type=\"image.default\">\n\t\t\t\t<div class=\"elementor-widget-container\">\n\t\t\t\t\t\t\t\t\t\t\t\t\t\t\t<img decoding=\"async\" width=\"1024\" height=\"766\" src=\"https:\/\/cfp655esquel.edu.ar\/cfp655\/wp-content\/uploads\/2023\/05\/CFP655-MantenimientoyReparacion2023-03.jpg\" class=\"attachment-large size-large wp-image-8400\" alt=\"\" srcset=\"https:\/\/cfp655esquel.edu.ar\/cfp655\/wp-content\/uploads\/2023\/05\/CFP655-MantenimientoyReparacion2023-03.jpg 1024w, https:\/\/cfp655esquel.edu.ar\/cfp655\/wp-content\/uploads\/2023\/05\/CFP655-MantenimientoyReparacion2023-03-300x224.jpg 300w\" sizes=\"(max-width: 1024px) 100vw, 1024px\" \/>\t\t\t\t\t\t\t\t\t\t\t\t\t\t\t<\/div>\n\t\t\t\t<\/div>\n\t\t\t\t\t<\/div>\n\t\t<\/div>\n\t\t\t\t<div class=\"elementor-column elementor-col-50 elementor-top-column elementor-element elementor-element-5daaa73\" data-id=\"5daaa73\" data-element_type=\"column\" data-e-type=\"column\">\n\t\t\t<div class=\"elementor-widget-wrap elementor-element-populated\">\n\t\t\t\t\t\t<div class=\"elementor-element elementor-element-c475914 elementor-widget elementor-widget-image\" data-id=\"c475914\" data-element_type=\"widget\" data-e-type=\"widget\" data-widget_type=\"image.default\">\n\t\t\t\t<div class=\"elementor-widget-container\">\n\t\t\t\t\t\t\t\t\t\t\t\t\t\t\t<img loading=\"lazy\" decoding=\"async\" width=\"1024\" height=\"768\" src=\"https:\/\/cfp655esquel.edu.ar\/cfp655\/wp-content\/uploads\/2022\/06\/CFP-Operador-de-herramientas-de-Diseno-Grafico-12.jpg\" class=\"attachment-large size-large wp-image-6906\" alt=\"\" srcset=\"https:\/\/cfp655esquel.edu.ar\/cfp655\/wp-content\/uploads\/2022\/06\/CFP-Operador-de-herramientas-de-Diseno-Grafico-12.jpg 1024w, https:\/\/cfp655esquel.edu.ar\/cfp655\/wp-content\/uploads\/2022\/06\/CFP-Operador-de-herramientas-de-Diseno-Grafico-12-300x225.jpg 300w\" sizes=\"(max-width: 1024px) 100vw, 1024px\" \/>\t\t\t\t\t\t\t\t\t\t\t\t\t\t\t<\/div>\n\t\t\t\t<\/div>\n\t\t\t\t\t<\/div>\n\t\t<\/div>\n\t\t\t\t\t<\/div>\n\t\t<\/section>\n\t\t\t\t<\/div>\n\t\t","protected":false},"excerpt":{"rendered":"<p>El Centro de Formaci\u00f3n Profesional N\u00ba 655 Hoy El Centro de Formaci\u00f3n Profesional (CFP) N\u00ba 655 es un importante \u00e1mbito de capacitaci\u00f3n, educaci\u00f3n y formaci\u00f3n profesional que posee una extensa trayectoria en la preparaci\u00f3n para el trabajo en Esquel y alrededores. A lo largo de tres d\u00e9cadas el Centro mantiene como objetivo principal preparar a &#8230; <a title=\"El CFP 655 hoy\" class=\"read-more\" href=\"https:\/\/cfp655esquel.edu.ar\/cfp655\/el-cfp-655-hoy\/\" aria-label=\"Leer m\u00e1s sobre El CFP 655 hoy\">Leer m\u00e1s&#8230;<\/a><\/p>\n","protected":false},"author":2,"featured_media":0,"parent":0,"menu_order":0,"comment_status":"closed","ping_status":"closed","template":"","meta":{"generate_page_header":"","footnotes":""},"class_list":{"0":"post-618","1":"page","2":"type-page","3":"status-publish","5":"infinite-scroll-item"},"_links":{"self":[{"href":"https:\/\/cfp655esquel.edu.ar\/cfp655\/wp-json\/wp\/v2\/pages\/618","targetHints":{"allow":["GET"]}}],"collection":[{"href":"https:\/\/cfp655esquel.edu.ar\/cfp655\/wp-json\/wp\/v2\/pages"}],"about":[{"href":"https:\/\/cfp655esquel.edu.ar\/cfp655\/wp-json\/wp\/v2\/types\/page"}],"author":[{"embeddable":true,"href":"https:\/\/cfp655esquel.edu.ar\/cfp655\/wp-json\/wp\/v2\/users\/2"}],"replies":[{"embeddable":true,"href":"https:\/\/cfp655esquel.edu.ar\/cfp655\/wp-json\/wp\/v2\/comments?post=618"}],"version-history":[{"count":84,"href":"https:\/\/cfp655esquel.edu.ar\/cfp655\/wp-json\/wp\/v2\/pages\/618\/revisions"}],"predecessor-version":[{"id":9464,"href":"https:\/\/cfp655esquel.edu.ar\/cfp655\/wp-json\/wp\/v2\/pages\/618\/revisions\/9464"}],"wp:attachment":[{"href":"https:\/\/cfp655esquel.edu.ar\/cfp655\/wp-json\/wp\/v2\/media?parent=618"}],"curies":[{"name":"wp","href":"https:\/\/api.w.org\/{rel}","templated":true}]}}